= 5*r + 57. Let c be (6/8)/(r/(-56)). Suppose -20 = c*u - 8*u. What are the prime factors of u?
2
Suppose -d = -2*d + 12. Suppose c + 23 = -5*g, c - d - 15 = 5*g. Suppose c*q = q - w + 22, 12 = 4*w. What are the prime factors of q?
19
Let w = 19 + -15. Suppose -n + 6*n - 299 = w*x, 5*n - 5*x - 295 = 0. List the prime factors of n.
3, 7
Let l = 6 - 4. Suppose 3*h - 6 = 6*r - l*r, 0 = -2*h - 3*r + 4. List the prime factors of 23 + (0 - (-1 - h)).
2, 13
List the prime factors of 2 - 0 - (-4 + -36)*10.
2, 3, 67
Let i(k) = -41*k + 43. List the prime factors of i(-13).
2, 3
Let y = -2 + 1. Let r(m) be the first derivative of -2*m**2 - m - 6. What are the prime factors of r(y)?
3
Let b(i) = i**2 + 2*i + 5. Let u = -10 - -6. Let s be b(u). Suppose -52 = 11*n - s*n. List the prime factors of n.
2, 13
Suppose 8 = -2*u - 2. Let k(j) = j**2 + 4*j - 11. Let o be k(u). List the prime factors of -58*-3*(-1)/o.
29
Let g(r) = -r**3 - 10*r**2 + r + 16. Let c be g(-11). Let o = c + -15. List the prime factors of o.
3, 37
What are the prime factors of (-540)/(-45) - (1 - 5016)?
11, 457
Suppose 3*s - 29 = 2*p - 6*p, 3*s + 2*p - 19 = 0. Suppose 0 = -s*v + 3*o + 132, 0 = 3*v + o + 2*o - 132. List the prime factors of v.
2, 11
Let b(a) = a**2 - 8*a + 12. Let k be b(7). Let u(q) = -30 - 6*q + k*q**2 - 2*q**2 + 28 - q. List the prime factors of u(6).
2
Let h be (-2)/(-8) + (-583)/44. Let p = h - -18. Suppose -p*n = 8 - 53. What are the prime factors of n?
3
Suppose g + 3*g = -24. Let p be g/9 - 177/(-9). Let x = p - -1. List the prime factors of x.
2, 5
Let p = 480 - 351. What are the prime factors of p?
3, 43
Let b(x) be the third derivative of 13*x**4/4 - 17*x**3/6 + x**2 + x. List the prime factors of b(3).
7, 31
What are the prime factors of (3 + 0 - -6)*40?
2, 3, 5
Suppose 2*n - 2*j = -n - 224, -n + j = 75. Let g = 60 - n. What are the prime factors of g?
2, 67
Let t be 10/(-5) - (-1 + -1). Suppose t*k - 4*k = -12, -3*k = -3*a - 3. Suppose -4*v = -a*v - 76. List the prime factors of v.
2, 19
Suppose 0 = -5*x + 706 - 96. Let s = x + -77. What are the prime factors of s?
3, 5
Suppose a + 5*s + 5 = 0, 2*a + a = -2*s - 15. Let h = 42 + a. What are the prime factors of h?
37
Let p = 25 - 92. Let d = p - -129. Suppose -3*s + d = -s. List the prime factors of s.
31
Let z(s) = 68*s**2 - 57*s + 70. List the prime factors of z(10).
2, 3, 5, 7
Suppose 5*y = 24 + 156. Let s = 92 - y. What are the prime factors of s?
2, 7
Let u = 2 - 0. Suppose u*d = -3*d + 15. Suppose -6*s + s - d*o = -57, -3*o + 39 = 3*s. What are the prime factors of s?
3
Let t be (-2)/(-4) - (-76)/8. Suppose v - 9 = t. What are the prime factors of v?
19
Suppose 39 = 3*y + 3*g, -7 = -y + 5*g - 0. Let r = 14 - y. Suppose -5*s - 2 = 23, 0 = r*h - 4*s - 62. List the prime factors of h.
3, 7
Suppose 13 = 5*x - p - 2*p, p - 1 = -x. Suppose -5*k = 3*s - 1 - 2, -s = x*k. What are the prime factors of s?
2, 3
Let g(m) = 66*m + 54. What are the prime factors of g(6)?
2, 3, 5
Let z(n) = 2*n**3 + 5*n**2 + 3*n. Let i be z(-2). What are the prime factors of (-2 - (-20)/4) + (-240)/i?
3, 41
Suppose s = -5*q - s + 30, 5*s - 37 = -3*q. Suppose -3*c - u = -q*u - 63, 0 = 3*c + u - 43. Suppose -3*k + c = k. List the prime factors of k.
2
Let b be (-3)/6*6 - (1 - 331). Let m = b + -189. What are the prime factors of m?
2, 3, 23
Suppose 0 = -5*a + 363 + 2237. What are the prime factors of a?
2, 5, 13
Suppose 4*a - 16 - 4 = 0, -2*a = 2*z - 2626. List the prime factors of z.
2, 3, 109
Let g(l) = 7*l**2 - 11*l + 4. Let n be g(7). Let w = n + -188. Suppose 0 = 4*y - 2*b - w, -1 = -4*y - 4*b + 63. What are the prime factors of y?
19
Suppose -2*p = -5*u - 41, 3*p = 4*u - 0*u + 44. What are the prime factors of (-20)/p*(-34 + 0)?
5, 17
Let y = 987 - 551. What are the prime factors of y?
2, 109
Let w(p) = 56*p**2 - 4*p + 6. Let z = 48 - 46. List the prime factors of w(z).
2, 3, 37
Let q(z) = -5*z**2 + 14*z - 4. Let m(g) = -g**2 + g - 1. Let d(f) = 2*m(f) - q(f). What are the prime factors of d(5)?
17
Suppose 0 = 2*k - 6 + 2. Suppose 2*u - 43 = -u - 5*c, -62 = -4*u - k*c. Suppose -2*m - u = -66. What are the prime factors of m?
5
Suppose 4*i = i - 5*n + 2492, 0 = i - 5*n - 844. What are the prime factors of i?
2, 3, 139
Suppose 4*g + 47 = 19. Let m = 7 + g. Suppose -3*i + 13 + 8 = m. List the prime factors of i.
7
Suppose 0 = -3*r + 4*i + 8, -i = r - 0*i - 5. Suppose -2*z + 5 = -5*h, -2*z - 5*h = 9 - r. Suppose z*j - 34 = -2*j. List the prime factors of j.
17
Suppose 0 = 7*p - 2103 + 52. List the prime factors of p.
293
Suppose 3*p + 2*d - 1940 = -0*d, 5*d = -25. List the prime factors of p.
2, 5, 13
Let o = -32 - 6. Let x = 51 + o. List the prime factors of x.
13
Let h(t) = -8*t + 15. Let o be h(-6). Suppose 0*i = -i - o. List the prime factors of (-2667)/i + 2/3.
43
Suppose 0 = -4*h - h + 50. Let z be (0 - 1)*15/4*-4. Let p = h + z. What are the prime factors of p?
5
Suppose -35 + 27 = -2*z. Suppose -5*g = 5*k - 85, 7 = 3*g - z*k - 16. What are the prime factors of g?
13
Let y be ((-3)/21*4)/(12/(-42)). Suppose -3*z = -5*d - 194, -2*d - y*d = z - 93. List the prime factors of z.
73
Suppose r + 5*w - 245 = 3*r, 5*r + 3*w = -628. Let k = r + 183. List the prime factors of k.
2, 29
What are the prime factors of 2*((-15)/(-3) - 1918/(-4))?
3, 17, 19
Suppose -47*v + 54033 = 19582. What are the prime factors of v?
733
Let h = 38 + -13. Suppose -5*q + h + 5 = 0. Let x = 6 + q. What are the prime factors of x?
2, 3
Suppose m + 2471 = -6*m. Let p = m - -499. List the prime factors of p.
2, 73
List the prime factors of (-6 - 8845/5)*-1 + 3.
2, 7, 127
Let s = -1225 + 2651. What are the prime factors of s?
2, 23, 31
Suppose -5*c + 16 = -h, -2*h = -3*c - 0*h + 4. Suppose c*m - 2*w = -0*w + 640, -2*m = w - 320. Suppose -15*b = -10*b - m. List the prime factors of b.
2
Let s(y) = -3*y - 4. Let m be 2 + (-1)/(-3)*0. Suppose 5*x - 12 = u + 2, -m*x - 43 = 5*u. List the prime factors of s(u).
23
Let i(b) = 4*b - 9. Let v be i(16). Let m = v - 46. List the prime factors of m.
3
Let t(z) = 37*z**2 + 9*z - 4. List the prime factors of t(3).
2, 89
Let p = -142 - -1003. What are the prime factors of p?
3, 7, 41
Suppose -2*t - 6 = 4, 0 = -5*s + t + 10. Let a be 36/21*14/s. What are the prime factors of 9/(9/(-4)) + a?
2, 5
Suppose -832 = -50*i + 18*i. What are the prime factors of i?
2, 13
Let b(i) = -i + 11. Suppose -7*d + 5*d = -160. Suppose -7*u - d = -17. List the prime factors of b(u).
2, 5
Let w(c) be the second derivative of c**4/12 - c**3 - 11*c**2/2 - 4*c. Let z be w(11). Suppose 3*y = -1 + 16, 5*y = -x + z. What are the prime factors of x?
19
Let r = 802 - 82. List the prime factors of r.
2, 3, 5
Suppose 0 = 3*j + 74 - 14. Let z = 22 + j. Suppose z*l + 71 = 3*k - 25, -4*k + 111 = 3*l. List the prime factors of k.
2, 3, 5
Suppose 11646 = 12*h - 14826. What are the prime factors of h?
2, 1103
Let m be -6 + 2 - 5/((-5)/7). Suppose -2*y - 7*s + 36 = -4*s, y - 4*s + 4 = 0. Suppose 0 = -m*k + 5*c + 114, 5*c - 3 = y. List the prime factors of k.
43
Suppose -5*p = 10, -2*m + 0*m - 3*p - 2 = 0. Suppose m*l + s - 494 = -l, -5*l + 5*s + 830 = 0. List the prime factors of l.
3, 5, 11
What are the prime factors of 2300/((-16)/(-4))*75/125?
3, 5, 23
Suppose -s - 3*o + 6*o + 5070 = 0, 5*s - 5*o - 25320 = 0. List the prime factors of s.
3, 7, 241
Let f(i) = -74*i**3 + i**2 + 6*i - 4. What are the prime factors of f(-3)?
5, 397
Let g(x) = 90 + x**2 + 7 - 3*x + 0*x**2. What are the prime factors of g(0)?
97
What are the prime factors of -2 + (-10 - 531/(-1))?
3, 173
Suppose -9 = -6*j + 3*j. Suppose j*g = -0*g + 222. Suppose 2*u - g = 2*o, 2*o - 3 = 3. What are the prime factors of u?
2, 5
Suppose l - 6*l - 4*x + 12 = 0, -x = 5*l - 3. Let h(i) be the third derivative of -i**4/24 + 4*i**3 + 2*i**2. What are the prime factors of h(l)?
2, 3
Suppose -19000 = -12*r + 2*r. List the prime factors of r.
2, 5, 19
Let v(p) = 943*p**2 - 10*p + 2. List the prime factors of v(1).
5, 11, 17
Let g(i) = 8 - 12 + 4*i + 8. Let u be g(-2). Let d = u + 26. List the prime factors of d.
2, 11
Let k(r) = 13*r**2 - 5*r. Let a = -64 + 61. List the prime factors of k(a).
2, 3, 11
Let p = 11305 - 7671. What are the prime factors of p?
2, 23, 79
Suppose 3*g + 37 = 2*i + 2*i, -4*g - 20 = 2*